actor of 35840 and 13720.
280
What is the greatest common divisor of 1434 and 87?
3
Calculate the highest common divisor of 980 and 520.
20
What is the greatest common factor of 561 and 88077?
561
What is the greatest common divisor of 173135 and 155?
155
Calculate the highest common factor of 28040 and 120.
40
What is the highest common factor of 361 and 152?
19
What is the highest common divisor of 2815266 and 5463?
1821
Calculate the greatest common factor of 3439953 and 792.
99
Calculate the greatest common divisor of 48594 and 42.
42
Calculate the highest common factor of 176768 and 288.
32
What is the greatest common factor of 386 and 250?
2
What is the highest common divisor of 4017 and 138723?
39
What is the greatest common factor of 46 and 74014?
46
Calculate the highest common factor of 62775 and 81.
81
Calculate the highest common factor of 39028 and 352.
44
Calculate the greatest common divisor of 216 and 13304.
8
What is the greatest common factor of 674250 and 375?
375
Calculate the greatest common factor of 720 and 444060.
180
What is the highest common factor of 52630 and 266?
38
Calculate the highest common divisor of 2301 and 169.
13
Calculate the highest common factor of 684602 and 94.
94
Calculate the greatest common factor of 51392 and 69696.
704
Calculate the greatest common divisor of 1881 and 2761.
11
Calculate the greatest common divisor of 146960 and 704.
176
Calculate the greatest common divisor of 2356 and 60.
4
Calculate the greatest common divisor of 99 and 23133.
33
Calculate the greatest common divisor of 150 and 2282325.
75
What is the greatest common factor of 28 and 96026?
14
What is the highest common factor of 133 and 651301?
133
Calculate the greatest common factor of 26 and 693173.
13
Calculate the highest common divisor of 122 and 137006.
122
Calculate the highest common factor of 136 and 38573.
17
What is the greatest common divisor of 346 and 204313?
173
What is the highest common factor of 3 and 734613?
3
Calculate the highest common factor of 4779 and 4543.
59
What is the greatest common divisor of 1728 and 324288?
576
Calculate the greatest common divisor of 12 and 4496.
4
Calculate the highest common divisor of 5715 and 5295.
15
What is the greatest common divisor of 1132230 and 876?
438
Calculate the highest common factor of 36991 and 71.
71
What is the highest common divisor of 76 and 1153148?
76
Calculate the highest common factor of 819 and 109494.
63
What is the highest common divisor of 1078 and 2794?
22
What is the highest common divisor of 50481 and 19908?
711
Calculate the greatest common factor of 832 and 69264.
208
What is the highest common factor of 1224 and 104958?
306
What is the greatest common factor of 70 and 468055?
35
What is the greatest common divisor of 32838 and 20629?
421
What is the highest common factor of 2701 and 803?
73
What is the highest common factor of 888 and 13667208?
888
What is the greatest common divisor of 1810 and 1540?
10
Calculate the greatest common factor of 7 and 67823.
7
Calculate the greatest common divisor of 112976 and 276.
92
What is the highest common factor of 26 and 9802039?
13
What is the greatest common factor of 4340 and 100?
20
Calculate the greatest common divisor of 53 and 445.
1
Calculate the greatest common divisor of 1248 and 343902.
78
Calculate the greatest common factor of 32 and 4559456.
32
What is the greatest common divisor of 160 and 211040?
160
What is the greatest common factor of 2507 and 1633?
23
What is the greatest common factor of 24030 and 10235?
445
Calculate the greatest common divisor of 24476 and 1015.
29
What is the greatest common factor of 294272 and 4?
4
What is the highest common factor of 11304106 and 402?
134
Calculate the highest common divisor of 65184 and 1261.
97
What is the highest common divisor of 2512320 and 240?
240
Calculate the greatest common divisor of 86 and 64.
2
What is the highest common divisor of 256 and 324576?
32
What is the greatest common factor of 34230 and 315?
105
What is the greatest common factor of 10 and 182648?
2
What is the greatest common factor of 594 and 287172?
54
Calculate the greatest common divisor of 6125 and 49.
49
What is the greatest common factor of 147334 and 222?
74
What is the highest common factor of 176 and 930380?
44
What is the highest common divisor of 10052 and 42?
14
Calculate the greatest common factor of 13380 and 660.
60
Calculate the highest common divisor of 2058 and 99078.
294
What is the highest common factor of 642368 and 128?
64
What is the greatest common divisor of 166105 and 556?
139
What is the greatest common divisor of 293964 and 220?
44
Calculate the highest common factor of 1100 and 450175.
275
What is the highest common factor of 298809 and 273?
21
Calculate the greatest common divisor of 18200 and 3380.
260
Calculate the highest common divisor of 2488 and 3421.
311
Calculate the greatest common divisor of 10 and 617715.
5
Calculate the greatest common factor of 164754 and 324.
162
What is the highest common divisor of 7125 and 97926?
57
Calculate the highest common factor of 574 and 28946.
82
Calculate the highest common divisor of 119119 and 374.
187
Calculate the highest common divisor of 287 and 168.
7
Calculate the highest common factor of 770 and 120.
10
Calculate the highest common divisor of 26682 and 126.
6
What is the highest common divisor of 269465 and 14?
7
Calculate the highest common factor of 2104 and 23670.
526
What is the greatest common factor of 7250 and 34945?
145
Calculate the greatest common divisor of 43076 and 13068.
484
What is the highest common divisor of 7033 and 8515?
13
Calculate the greatest common factor of 223 and 133800.
223
What is the greatest common factor of 2113812 and 568?
284
What is the greatest common factor of 115566 and 1030?
206
What is the highest common factor of 48960 and 918?
306
Calculate the greatest common factor of 2262912 and 528.
48
What is the highest common divisor of 1220 and 14373430?
610
Calculate the highest common divisor of 914965 and 31.
31
Calculate the greatest common divisor of 68580 and 38340.
540
What is the greatest common divisor of 40 and 5820?
20
Calculate the greatest common factor of 203 and 291102.
203
What is the highest common factor of 8906 and 112128?
146
Calculate the greatest common factor of 20025 and 979.
89
Calculate the highest common divisor of 170 and 490.
10
What is the greatest common divisor of 43124 and 8?
4
What is the highest common factor of 1471 and 7368239?
1471
What is the greatest common factor of 7511 and 259?
259
What is the highest common divisor of 56385 and 10185?
105
What is the highest common divisor of 235969 and 498?
83
What is the highest common factor of 31211 and 86227?
529
Calculate the greatest common divisor of 75871 and 34.
17
Calculate the highest common divisor of 3 and 2910711.
3
Calculate the greatest common factor of 30 and 236380.
10
What is the greatest common divisor of 221124 and 6?
6
Calculate the highest common divisor of 17976 and 48.
24
Calculate the greatest common divisor of 3397 and 39026.
79
Calculate the highest common divisor of 9180 and 492.
12
Calculate the highest common divisor of 1568 and 822612.
196
Calculate the highest common divisor of 40018 and 1224.
34
What is the highest common divisor of 304 and 507376?
304
Calculate the greatest common divisor of 843 and 10849129.
281
Calculate the greatest common factor of 7568 and 26961.
473
What is the highest common divisor of 609 and 3625?
29
Calculate the greatest common factor of 6519 and 848.
53
Calculate the greatest common divisor of 3087 and 509061.
147
Calculate the greatest common factor of 12290 and 90.
10
Calculate the greatest common factor of 792 and 62216.
88
What is the greatest common factor of 72 and 58680?
72
What is the highest common divisor of 13925 and 200?
25
Calculate the highest common divisor of 2133 and 79.
79
Calculate the greatest common divisor of 8904 and 18762.
318
What is the highest common divisor of 726 and 159852?
66
What is the greatest common divisor of 2 and 2531?
1
Calculate the greatest common divisor of 251516 and 23608.
908
What is the highest common factor of 458287 and 145?
29
Calculate the highest common f